{"id":93,"date":"2024-02-06T16:03:09","date_gmt":"2024-02-06T16:03:09","guid":{"rendered":"https:\/\/spiekermann-immobilien.de\/?page_id=93"},"modified":"2024-07-15T11:23:37","modified_gmt":"2024-07-15T11:23:37","slug":"kontakt","status":"publish","type":"page","link":"https:\/\/spiekermann-immobilien.de\/?page_id=93","title":{"rendered":"Kontakt"},"content":{"rendered":"\n<div class=\"wp-block-group alignfull has-ast-global-color-7-background-color has-background is-content-justification-center is-layout-constrained wp-container-core-group-is-layout-bd83f97f wp-block-group-is-layout-constrained\" id=\"contact\" style=\"margin-top:0;margin-bottom:0;padding-top:104px;padding-right:0;padding-bottom:104px;padding-left:0\">\n<div class=\"wp-block-media-text alignfull has-media-on-the-right is-stacked-on-mobile\" style=\"margin-top:0;margin-right:0;margin-bottom:0;margin-left:0;padding-top:0;padding-right:var(--wp--preset--spacing--60);padding-bottom:0;padding-left:var(--wp--preset--spacing--60);grid-template-columns:auto 40%\"><div class=\"wp-block-media-text__content\">\n<p class=\"has-ast-global-color-4-color has-text-color has-link-color has-x-large-font-size wp-elements-4221f8d8039c370a47981232d8b4ffc9\"><strong>Gerne stehen wir Ihnen f\u00fcr Ihr Anliegen zur Verf\u00fcgung.<\/strong><\/p>\n<\/div><figure class=\"wp-block-media-text__media\"><img decoding=\"async\" src=\"https:\/\/wordpress.spiekermann-immobilien.de\/wp-content\/uploads\/2024\/02\/Skyline_Weiss-1.png\" alt=\"\" class=\"wp-image-300 size-full\"\/><\/figure><\/div>\n<\/div>\n\n\n\n<div class=\"wp-block-group alignfull has-ast-global-color-5-background-color has-background is-layout-constrained wp-container-core-group-is-layout-234fee44 wp-block-group-is-layout-constrained\" style=\"margin-top:0;margin-bottom:var(--wp--preset--spacing--80);padding-bottom:0px\">\n<div class=\"wp-block-columns are-vertically-aligned-top is-layout-flex wp-container-core-columns-is-layout-00723822 wp-block-columns-is-layout-flex\">\n<div class=\"wp-block-column is-vertically-aligned-top is-layout-flow wp-container-core-column-is-layout-6b73ce23 wp-block-column-is-layout-flow\">\n<figure class=\"wp-block-image size-full wp-duotone-rgb1862125-fcff41-1\"><img loading=\"lazy\" decoding=\"async\" width=\"48\" height=\"48\" src=\"https:\/\/spiekermann-immobilien.de\/wp-content\/uploads\/2024\/02\/clock.png\" alt=\"\" class=\"wp-image-439\"\/><\/figure>\n\n\n\n<h3 class=\"wp-block-heading has-text-align-left has-ast-global-color-8-color has-text-color has-link-color wp-elements-6886e11ed7209e03cc01434fab71bf9d\" style=\"margin-top:16px\">\u00d6ffnungszeiten<\/h3>\n\n\n\n<p class=\"has-text-align-left has-ast-global-color-6-color has-text-color has-link-color wp-elements-cda72cddad525db1946ac97b356e258f\">Montag \u2013 Freitag<br>09.00h \u2013 15.00h<\/p>\n<\/div>\n\n\n\n<div class=\"wp-block-column is-vertically-aligned-top is-layout-flow wp-container-core-column-is-layout-6b73ce23 wp-block-column-is-layout-flow\">\n<figure class=\"wp-block-image size-full wp-duotone-rgb1862125-fcff41-2\"><img loading=\"lazy\" decoding=\"async\" width=\"48\" height=\"48\" src=\"https:\/\/spiekermann-immobilien.de\/wp-content\/uploads\/2024\/02\/phone.png\" alt=\"\" class=\"wp-image-463\"\/><\/figure>\n\n\n\n<h3 class=\"wp-block-heading has-text-align-left has-black-color has-text-color has-link-color wp-elements-6497dbbe6ba921b64fb7919cd79090d9\" style=\"margin-top:16px\">Telefon<\/h3>\n\n\n\n<p class=\"has-text-align-left has-ast-global-color-6-color has-text-color has-link-color wp-elements-16911766026a75e8424cfb9b0bf76636\">02303 \u2013 900950<\/p>\n<\/div>\n\n\n\n<div class=\"wp-block-column is-vertically-aligned-top is-layout-flow wp-container-core-column-is-layout-6b73ce23 wp-block-column-is-layout-flow\">\n<figure class=\"wp-block-image size-full wp-duotone-rgb1862125-fcff41-3\"><img loading=\"lazy\" decoding=\"async\" width=\"48\" height=\"48\" src=\"https:\/\/spiekermann-immobilien.de\/wp-content\/uploads\/2024\/02\/email.png\" alt=\"\" class=\"wp-image-464\"\/><\/figure>\n\n\n\n<h3 class=\"wp-block-heading has-text-align-left\" style=\"margin-top:16px\">E-Mail<\/h3>\n\n\n\n<p class=\"has-ast-global-color-6-color has-text-color has-link-color wp-elements-fa786d073d5480e091e491a92eb3d99b\">info@spiekermann-immobilien.de<\/p>\n<\/div>\n\n\n\n<div class=\"wp-block-column is-vertically-aligned-top is-layout-flow wp-container-core-column-is-layout-6b73ce23 wp-block-column-is-layout-flow\">\n<figure class=\"wp-block-image size-full wp-duotone-rgb1862125-fcff41-4\"><img loading=\"lazy\" decoding=\"async\" width=\"48\" height=\"48\" src=\"https:\/\/spiekermann-immobilien.de\/wp-content\/uploads\/2024\/02\/people.png\" alt=\"\" class=\"wp-image-467\"\/><\/figure>\n\n\n\n<h3 class=\"wp-block-heading has-text-align-left\" style=\"margin-top:16px\">Pers\u00f6nlich<\/h3>\n\n\n\n<p class=\"has-text-align-left has-ast-global-color-6-color has-text-color has-link-color wp-elements-de12089adbf24e8a90cf783316eae741\">Rudolf-Diesel-Stra\u00dfe 43<br>59425 Unna<\/p>\n<\/div>\n<\/div>\n<\/div>\n","protected":false},"excerpt":{"rendered":"<p>Gerne stehen wir Ihnen f\u00fcr Ihr Anliegen zur Verf\u00fcgung. \u00d6ffnungszeiten Montag \u2013 Freitag09.00h \u2013 15.00h Telefon 02303 \u2013 900950 E-Mail [&hellip;]<\/p>\n","protected":false},"author":2,"featured_media":0,"parent":0,"menu_order":0,"comment_status":"closed","ping_status":"closed","template":"","meta":{"site-sidebar-layout":"default","site-content-layout":"","ast-site-content-layout":"default","site-content-style":"default","site-sidebar-style":"default","ast-global-header-display":"","ast-banner-title-visibility":"","ast-main-header-display":"","ast-hfb-above-header-display":"","ast-hfb-below-header-display":"","ast-hfb-mobile-header-display":"","site-post-title":"disabled","ast-breadcrumbs-content":"","ast-featured-img":"","footer-sml-layout":"","ast-disable-related-posts":"","theme-transparent-header-meta":"","adv-header-id-meta":"","stick-header-meta":"","header-above-stick-meta":"","header-main-stick-meta":"","header-below-stick-meta":"","astra-migrate-meta-layouts":"default","ast-page-background-enabled":"default","ast-page-background-meta":{"desktop":{"background-color":"var(--ast-global-color-4)","background-image":"","background-repeat":"repeat","background-position":"center center","background-size":"auto","background-attachment":"scroll","background-type":"","background-media":"","overlay-type":"","overlay-color":"","overlay-opacity":"","overlay-gradient":""},"tablet":{"background-color":"","background-image":"","background-repeat":"repeat","background-position":"center center","background-size":"auto","background-attachment":"scroll","background-type":"","background-media":"","overlay-type":"","overlay-color":"","overlay-opacity":"","overlay-gradient":""},"mobile":{"background-color":"","background-image":"","background-repeat":"repeat","background-position":"center center","background-size":"auto","background-attachment":"scroll","background-type":"","background-media":"","overlay-type":"","overlay-color":"","overlay-opacity":"","overlay-gradient":""}},"ast-content-background-meta":{"desktop":{"background-color":"var(--ast-global-color-5)","background-image":"","background-repeat":"repeat","background-position":"center center","background-size":"auto","background-attachment":"scroll","background-type":"","background-media":"","overlay-type":"","overlay-color":"","overlay-opacity":"","overlay-gradient":""},"tablet":{"background-color":"var(--ast-global-color-5)","background-image":"","background-repeat":"repeat","background-position":"center center","background-size":"auto","background-attachment":"scroll","background-type":"","background-media":"","overlay-type":"","overlay-color":"","overlay-opacity":"","overlay-gradient":""},"mobile":{"background-color":"var(--ast-global-color-5)","background-image":"","background-repeat":"repeat","background-position":"center center","background-size":"auto","background-attachment":"scroll","background-type":"","background-media":"","overlay-type":"","overlay-color":"","overlay-opacity":"","overlay-gradient":""}},"footnotes":""},"class_list":["post-93","page","type-page","status-publish","hentry"],"_links":{"self":[{"href":"https:\/\/spiekermann-immobilien.de\/index.php?rest_route=\/wp\/v2\/pages\/93","targetHints":{"allow":["GET"]}}],"collection":[{"href":"https:\/\/spiekermann-immobilien.de\/index.php?rest_route=\/wp\/v2\/pages"}],"about":[{"href":"https:\/\/spiekermann-immobilien.de\/index.php?rest_route=\/wp\/v2\/types\/page"}],"author":[{"embeddable":true,"href":"https:\/\/spiekermann-immobilien.de\/index.php?rest_route=\/wp\/v2\/users\/2"}],"replies":[{"embeddable":true,"href":"https:\/\/spiekermann-immobilien.de\/index.php?rest_route=%2Fwp%2Fv2%2Fcomments&post=93"}],"version-history":[{"count":82,"href":"https:\/\/spiekermann-immobilien.de\/index.php?rest_route=\/wp\/v2\/pages\/93\/revisions"}],"predecessor-version":[{"id":609,"href":"https:\/\/spiekermann-immobilien.de\/index.php?rest_route=\/wp\/v2\/pages\/93\/revisions\/609"}],"wp:attachment":[{"href":"https:\/\/spiekermann-immobilien.de\/index.php?rest_route=%2Fwp%2Fv2%2Fmedia&parent=93"}],"curies":[{"name":"wp","href":"https:\/\/api.w.org\/{rel}","templated":true}]}}